e y(31).
63
Let z(j) = 4*j**3 - 337*j**2 + 87*j - 244. What is z(84)?
8
Let x(t) = -t**3 - 26*t**2 + 10*t - 1283. Determine x(-28).
5
Let d(b) = b**2 - 104*b - 1491. What is d(-13)?
30
Let z(l) = -3*l**2 - 93*l + 556. Calculate z(6).
-110
Let v(f) = -68*f - 13124. Calculate v(-193).
0
Let i(p) = -7*p**2 - 553*p + 135. What is i(-79)?
135
Let k(f) = f**3 - 55*f**2 - 129*f + 842. What is k(57)?
-13
Let u(d) = -194*d - 25. Calculate u(0).
-25
Let o(n) = -110*n - 1030. Calculate o(-10).
70
Let z(q) = 2854*q - 2863. Give z(1).
-9
Let g(b) = -3830*b + 57456. Calculate g(15).
6
Let q(m) = 172*m + 2500. What is q(-15)?
-80
Let w(v) = v**2 + 11*v - 153. Calculate w(-14).
-111
Let o(k) = -k**3 + 21*k**2 + 17*k - 63. What is o(21)?
294
Let n(b) = -b**2 + 34*b - 241. Determine n(22).
23
Let q(l) = 2*l + 95. What is q(59)?
213
Let t(c) = 10*c - 259. Calculate t(37).
111
Let t(z) = -2*z**3 - 34*z**2 - 33*z + 14. Calculate t(-16).
30
Let a(k) = 107*k - 11661. What is a(109)?
2
Let v(q) = q**3 - 27*q**2 - 37*q + 206. What is v(28)?
-46
Let a(l) = 2*l**2 + 38*l - 85. Calculate a(-21).
-1
Let h(c) = 41*c + 816. What is h(-20)?
-4
Let k(f) = f**3 - 22*f**2 - 39*f - 246. Determine k(24).
-30
Let l(j) = -4*j**2 - 4*j - 39. Calculate l(0).
-39
Let k(w) = w**3 - 4*w**2 - 84*w + 338. What is k(10)?
98
Let p(u) = 62*u + 124. What is p(-5)?
-186
Let f(g) = -2*g**3 + 37*g**2 + 19*g + 32. Give f(19).
32
Let y(h) = -61*h**2 + 299*h + 23. Determine y(5).
-7
Let f(s) = 2*s**2 + 6*s + 27. Determine f(-7).
83
Let m(f) = -130*f + 782. Determine m(6).
2
Let r(q) = -170*q**2 + 6968*q + 84. Give r(41).
2
Let t(x) = -9*x**2 - 13*x - 2. Determine t(-5).
-162
Let c(h) = -2*h**2 - 37*h - 355. Determine c(-19).
-374
Let t(q) = -126*q - 93. Determine t(-6).
663
Let p(f) = 8*f**2 + 169*f + 333. Determine p(-2).
27
Let c(v) = -154*v - 3593. Determine c(-24).
103
Let s(d) = -d**2 - 57*d - 817. What is s(-36)?
-61
Let s(j) = -j**2 - 30*j + 617. Determine s(-51).
-454
Let u(i) = 16*i - 164. Determine u(-6).
-260
Let h(l) = -3*l**2 - 51*l + 242. What is h(4)?
-10
Let d(v) = 15*v + 203. Determine d(-13).
8
Let p(d) = -5*d**2 + 67*d + 537. Calculate p(-7).
-177
Let p(v) = -9*v**3 - 7*v**2 + v. Calculate p(-1).
1
Let k(g) = 67*g**2 - 606*g - 6. Calculate k(9).
-33
Let o(p) = -1589*p - 61983. Calculate o(-39).
-12
Let o(s) = -138*s - 4825. Determine o(-35).
5
Let g(v) = -22*v**2 - 24*v + 23. Give g(1).
-23
Let h(j) = j**3 - 23*j**2 + 82*j - 1317. Determine h(22).
3
Let n(f) = -2*f**2 + 16*f + 4. What is n(11)?
-62
Let j(b) = 1144*b - 8114. Calculate j(7).
-106
Let d(z) = -32*z**2 - 609*z + 16. Calculate d(-19).
35
Let p(j) = j**3 - 33*j**2 - 38*j + 1304. Calculate p(33).
50
Let x(q) = -85*q + 695. Give x(8).
15
Let l(c) = c**3 + 22*c**2 + 20*c - 688. Calculate l(-19).
15
Let f(v) = -v**3 + 25*v**2 - 25*v + 348. Give f(24).
324
Let a(g) = 254*g - 280. Determine a(1).
-26
Let m(b) = 19*b + 71. What is m(-6)?
-43
Let b(t) = 5*t**2 + 76*t + 58. Determine b(-13).
-85
Let f(i) = -i**3 - 2*i**2 - i + 3. Determine f(3).
-45
Let n(o) = -o**3 - 6*o**2 + 28*o + 188. Determine n(-6).
20
Let q(u) = -6*u**3 + 140*u**2 - 67*u + 485. Determine q(23).
2
Let n(f) = f**3 - 49*f**2 + 99*f - 261. Calculate n(47).
-26
Let x(t) = 3490*t + 17455. Give x(-5).
5
Let x(l) = -1046*l - 35562. What is x(-34)?
2
Let z(p) = 2*p**2 - 55*p + 142. What is z(25)?
17
Let d(c) = -15*c**2 + 281*c - 1223. What is d(7)?
9
Let f(l) = -15*l**2 - 627*l + 5976. Give f(8).
0
Let b(v) = -262*v**2 + 1844*v - 3. Give b(7).
67
Let o(n) = -25*n + 763. What is o(37)?
-162
Let r(t) = -7*t**2 + 531*t - 72. Give r(76).
-148
Let u(w) = -3*w**3 - 9*w**2 - 12*w - 35. Give u(-6).
361
Let m(p) = -84*p + 1847. Calculate m(22).
-1
Let x(f) = f**3 + 6*f**2 - 134*f - 555. What is x(-13)?
4
Let p(w) = w**3 + 6*w**2 - 9*w + 39. Give p(-8).
-17
Let o(r) = -2*r**3 - 90*r**2 + 186*r - 98. Give o(-47).
-4
Let v(t) = -t**2 - 79*t + 2480. What is v(24)?
8
Let m(w) = -w**3 - 4*w**2 - 62*w - 239. Give m(-4).
9
Let b(s) = -2*s**2 + 19*s + 148. Determine b(-11).
-303
Let j(w) = -55*w - 3015. What is j(-55)?
10
Let v(c) = -c**2 + 22*c - 143. Give v(17).
-58
Let v(q) = 35*q - 290. What is v(13)?
165
Let w(g) = -g**3 + 36*g**2 + 33*g + 59. Determine w(37).
-89
Let m(d) = -2*d**3 - 26*d**2 + 18*d + 4. Determine m(-14).
144
Let b(c) = 2*c**2 - 89*c - 674. What is b(51)?
-11
Let m(l) = -40*l - 136. Determine m(-7).
144
Let p(f) = 5*f + 40. What is p(-25)?
-85
Let a(j) = -356*j - 1411. What is a(-4)?
13
Let p(w) = 267*w**2 + 80*w + 2. What is p(-1)?
189
Let n(l) = 4*l - 584. Give n(58).
-352
Let v(i) = 2*i**2 + 948*i + 18. Give v(0).
18
Let n(m) = -3*m**2 - 46*m - 249. Give n(-17).
-334
Let a(g) = g**3 + 22*g**2 - 11*g - 40. What is a(-22)?
202
Let v(g) = -10*g**2 - 219*g + 873. Give v(4).
-163
Let p(o) = -16*o**2 + o - 1. Determine p(-4).
-261
Let w(y) = -405*y + 1495. Give w(5).
-530
Let m(y) = y**3 - 25*y**2 - 20*y + 499. Give m(25).
-1
Let j(o) = 465*o - 1862. Calculate j(4).
-2
Let u(y) = 139*y - 688. What is u(6)?
146
Let r(t) = 2189*t - 6. Calculate r(0).
-6
Let y(v) = 4*v**3 - 215*v**2 - 52*v - 134. What is y(54)?
-26
Let t(o) = o**3 + 2*o**2 - 3*o + 97. Give t(0).
97
Let b(z) = 32*z + 1304. What is b(-41)?
-8
Let o(x) = x**3 - 15*x**2 - 168*x + 2532. Determine o(14).
-16
Let r(d) = -d**2 + 14*d + 1443. Give r(46).
-29
Let o(z) = -54*z**3 + 4481*z**2 + 85*z - 172. Calculate o(83).
-6
Let r(i) = -i**3 + 12*i**2 - 17*i + 68. Determine r(11).
2
Let m(u) = -321*u - 3874. What is m(-12)?
-22
Let p(v) = -v**3 - 8*v**2 + 53*v - 3. Give p(-12).
-63
Let u(v) = v**3 - 12*v**2 + 3*v - 434. Determine u(14).
0
Let z(u) = -u**3 + 13*u**2 + 100*u + 43. Determine z(18).
223
Let y(s) = -14*s**2 - 85*s - 37. Calculate y(-6).
-31
Let q(m) = 129*m - 38. Give q(-6).
-812
Let q(j) = 296*j + 1482. What is q(-5)?
2
Let q(g) = 1383*g + 12449. Calculate q(-9).
2
Let m(q) = 64*q + 1225. Give m(-19).
9
Let y(r) = 14*r**2 - 211*r - 474. What is y(-2)?
4
Let h(n) = -4*n**2 - 358*n + 3120. Give h(8).
0
Let w(q) = -213*q + 12103. Calculate w(57).
-38
Let s(f) = -f**3 - 23*f**2 - 89*f + 529. Determine s(-14).
11
Let g(o) = -82*o - 1394. Give g(-17).
0
Let l(s) = s**3 + 32*s**2 - 6*s - 190. What is l(-32)?
2
Let p(f) = -141*f - 2035. Determine p(-15).
80
Let g(x) = x**3 - 23*x**2 - 42*x - 180. Calculate g(25).
20
Let o(q) = q**2 - 3*q - 348. Give o(-30).
642
Let l(s) = s**3 + 17*s**2 + 75*s + 179. Give l(-12).
-1
Let c(m) = 53*m**3 - 4*m**2 - 5*m. What is c(-1)?
-52
Let y(k) = -2*k**2 + 36*k - 68. Calculate y(11).
86
Let n(t) = 10*t - 635. Give n(62).
-15
Let m(r) = r**2 + 536*r + 12294. What is m(-24)?
6
Let i(m) = 10*m**2 - 11*m - 137. Calculate i(-8).
591
Let y(v) = -v**2 - 85*v - 1706. Give y(-33).
10
Let j(l) = 52*l + 889. Calculate j(-18).
-47
Let i(q) = -149*q + 4142. Determine i(28).
-30
Let n(x) = 17*x - 1216. Give n(72).
8
Let f(r) = 83*r - 5297. Give f(64).
15
Let x(q) = 2*q**3 - 5*q**2 - 6*q + 23. Determine x(0).
23
Let p(q) = -9157*q - 64109. What is p(-7)?
-10
Let a(l) = 13*l**2 - 77*l + 68. Give a(5).
8
Let d(h) = 338*h + 1693. Determine d(-5).
3
Let a(q) = 124*q - 1027. What is a(8)?
-35
Let q(l) = -7*l - 49. What is q(-4)?
-21
Let h(u) = -917*u + 13754. What is h(15)?
-1
Let h(j) = 2*j**2 + 30*j + 106. Calculate h(-10).
6
Let l(k) = 3404*k - 20447. Calculate l(6).
-23
Let j(z) = z**3 + 13*z**2 + 14*z - 137. What is j(-11)?
-49
Let v(z) = -22*z**2 + 62*z - 43. What is v(2)?
-7
Let l(a) = -26*a**2 + 167*a - 9. Determine l(0).
-9
Let r(x) = 365*x + 108764. What is r(-298)?
-6
Let n(x) = x**2 - 55*x + 347. Give n(35).
-353
Let l(j) = 1191*j - 21405. Calculate l(18).
33
Let v(l) = -148*l + 4307. What is v(29)?
15
Let q(g) = -g**3 - 16*g**2 + 140*g - 469. Calculate q(-23).
14
Let s(x) = 439*x + 3041. Give s(-7).
-32
Let h(s) = 498*s - 1481. Give h(3).
13
Let x(u) = -44*u - 3994. Determine x(-90).
-34
Let j(o) = -2*o**3 + 210*o**2 + 226*o - 1482. What is j(106)?
2
Let s(h) = -h**2 - 13*h + 33. Calculate s(0).
33
Let m(w) = w**2 - 7*w - 560. What is m(-21)?
28
Let w(l) = 21*l**2 + 673*l - 91. What is w(-32)?
-123
Let j(u) = -u**2 + 15*u - 52. Determine j(13).
-26
Let k(y) = y**3 + 152*y**2 - 303*y + 758. Give k(-154).
-12
Let y(a) = a**3 + 26*a**2 + 159*a + 287. What is y(-18)?
17
Let g(v